1
Let s be ((-230)/(-15))/(-1 + (-2620)/(-2610)). Calculate the highest common factor of s and 552.
138
Let s be 12/(324/1269) + 12/(4 - 0). Let n be (-2 - -3) + -1 + 2. What is the highest common factor of s and n?
2
Let b be (-300)/(-21) + 6/(-21). Let c(p) = 13*p + 21. Let o be c(7). Suppose -o = -11*n - 5*n. What is the highest common divisor of n and b?
7
Let m(v) = -2*v**2 - 52*v - 199. Let t be m(-16). Calculate the highest common factor of 88 and t.
11
Let f = -8 - -10. Suppose 4*z - a - 65 = 7*z, 5*z - 2*a + 112 = 0. Let o = f - z. What is the highest common divisor of o and 16?
8
Let h be (-4 - 102/(-36))*-114. Let a be (3/(-2))/(-4 - h/(-34)). What is the highest common factor of a and 221?
17
Let u be 8*(-3)/(-6)*6. Let o(a) = -15*a + 2 - 98 - 3. Let n be o(-13). What is the greatest common divisor of n and u?
24
Suppose 10*q + 26*q - 61560 = 0. Let c be 30*(2/(-11) + q/330). What is the greatest common factor of 90 and c?
30
Let k be (15 + 0)*40/(-6). Let w = 235 + k. What is the highest common factor of 15 and w?
15
Let o be (20 - (-70)/10)/(2/64). Suppose 851 - o = -i. Suppose -l = 4*l + v - 125, 3*l = -2*v + 68. Calculate the greatest common divisor of i and l.
13
Let m(c) = 3*c + 232. Let h be m(6). Calculate the highest common divisor of 30 and h.
10
Suppose 3*u - 2*d = 1375, 43*d - 40*d - 3 = 0. Suppose 0 = 3*g - 2*g - 27. Calculate the highest common divisor of g and u.
27
Suppose y = 188 - 184. Suppose -y*q + 5*s + 159 = 0, 5*q + 4*s + 84 = 7*q. Let i be (-4 - -19)*(-8)/(-5). What is the greatest common factor of q and i?
12
Let t(a) = 3*a - 9. Let d be t(5). Suppose 29 = -4*x + d*x - q, 5*q + 49 = 2*x. Let o be (-2 + -4)*170/(-17). What is the highest common factor of o and x?
12
Suppose -93 = -5*h + 4*o, -h + 30 = h - 4*o. Suppose -4*v - h = 3*v. Let s be 6/(-2 + v/(-1)). Calculate the highest common divisor of s and 2.
2
Let b = -3979 + 4036. What is the greatest common divisor of b and 87?
3
Let h = 22317 + -22292. Calculate the highest common factor of h and 55.
5
Suppose 9*r + 0*r - 87318 = 0. Calculate the greatest common factor of 308 and r.
154
Let w = -85 - -92. Suppose -4*s = 2*b - 6, 3*b + 3*s - w = 2*b. Let f = 26 - b. Calculate the greatest common factor of f and 93.
31
Suppose 5*a = -0*a - i + 55, -4*i = 5*a - 70. Let s be (11 - (-2970)/(-44))*-20. Calculate the highest common divisor of s and a.
10
Let u be 3294/(-4)*((-1239)/63 - -19). What is the highest common factor of u and 671?
61
Let v = 3188 - 3041. Calculate the highest common divisor of v and 3.
3
Let h = 13206 - 13182. What is the greatest common divisor of h and 1686?
6
Suppose 4*n - 4*h - 12 = 0, 14*n - 8*n - 3*h - 12 = 0. What is the highest common divisor of n and 152?
1
Let f(d) = d**3 + 2*d**2 + d - 12. Let y be f(3). Let m = -75 + 138. What is the greatest common factor of m and y?
9
Let d be (-2)/(-7) + 11/(770/41000). Let z = d - 571. Calculate the greatest common divisor of z and 465.
15
Let d(k) = -4*k + 16. Let m be d(3). Suppose 0 = -m*i + 6*r - 3*r + 463, -2*i + r + 231 = 0. Calculate the greatest common divisor of 23 and i.
23
Suppose -3*m = -2*m - 4*l + 51, 4*m = 2*l - 134. Suppose 7*a - 266 = 154. Let p = m + a. What is the greatest common divisor of p and 319?
29
Let s(o) = 860*o - 8339. Let r be s(16). What is the highest common divisor of r and 468?
39
Suppose -174*j + 220*j = 1702. Calculate the highest common factor of j and 10841.
37
Let i = 3400 - 1904. Calculate the greatest common divisor of i and 24.
8
Let t be 9414/21 - (-36)/(-126). What is the greatest common divisor of 70 and t?
14
Suppose -2*s + 11 = g, 4*s - 3 = -g + 16. Let l(w) = -1035 + 978 - 4*w - 2*w. Let r be l(-14). Calculate the greatest common divisor of g and r.
3
Let r(t) = -143*t**3 + 99*t**2 + 106*t + 8. Let s be r(-1). Calculate the highest common divisor of s and 4912.
16
Let i(f) = 256*f - 1135. Let y be i(5). Calculate the highest common divisor of 899 and y.
29
Suppose 4*b - 28 = -w, 3*w = 4*w + 3*b - 28. Let s be 15*178/42 - (-56)/(-98). What is the highest common factor of s and w?
7
Suppose -3*j - 4*n = 1777 - 2180, 0 = 4*n - 4. What is the highest common divisor of j and 49?
7
Suppose 3*t + 30 = 2*c + 8*t, 0 = 4*t - 16. Suppose 0 = 2*a + 2*a - 5*y - 1759, -2204 = -c*a + y. Calculate the greatest common divisor of a and 9.
9
Let d = -75 - -75. Suppose d = -7*u + 9*u - 110. Let b = 66 - u. What is the highest common divisor of 44 and b?
11
Suppose b = -4*v + 130 + 103, -1146 = -5*b - v. Suppose 78 = 230*j - b*j. What is the highest common divisor of j and 104?
26
Suppose 3*l - 3*y = 54, l - 8 = -0*l - y. Let p(n) = 19 - l - n + 10. Let r be p(-6). Calculate the greatest common divisor of 33 and r.
11
Suppose -213*v + 64 = -103*v - 106*v. What is the greatest common factor of 1744 and v?
16
Let o = -41 + 81. Let i = 45 - -83. Suppose z = n - 36, -3*n + i = -3*z + 5*z. Calculate the highest common factor of o and n.
40
Suppose 3*s = -2*i - 208, 3*i = -7*s + 5*s - 142. Let k = -72 - s. Let x be 148/8 - (-2)/k. What is the greatest common factor of x and 63?
9
Let o be (56/(-10))/(2/(-5)). Suppose -1499 = -8*n + 2309. Let r = -364 + n. Calculate the greatest common factor of o and r.
14
Let w(v) = 6*v**3 - v**2 + v - 2. Let n be w(-3). Let j = n - -495. Let d be (-5)/((-10)/1450*25). Calculate the greatest common divisor of d and j.
29
Let f be (-108)/(-135) + (-168)/(-15). Let y(g) = 20 - 3 + 4 + 20*g. Let k be y(f). What is the greatest common divisor of 29 and k?
29
Suppose 10 + 2 = -4*s, 583 = -4*c + 3*s. Let h be c/(-2) + (-3)/(-9)*3. Let g = -2 + 32. Calculate the greatest common factor of g and h.
15
Suppose 68*z + 3642 = 126*z - 418. Calculate the highest common divisor of z and 1316.
14
Let w be 40*(48/15 + -4). Let q be (30/60)/((-2)/w). Suppose -z = -2*z - 2*u + 24, -2*z + 4*u + 16 = 0. Calculate the highest common factor of q and z.
8
Suppose -24*k = -21*k - 54. Let j be (2 - -1) + -6 - -11. Let q be ((-1134)/(-24))/(3/j). Calculate the greatest common factor of q and k.
18
Suppose 3*w - 3*m - 423 = -0*m, -2 = -2*m. Let b = w + -100. Let p be 25 + (-483)/(-7) + -10. What is the highest common factor of p and b?
42
Let v = -10828 - -11318. Calculate the highest common factor of 20 and v.
10
Let q(z) = -2*z**2 + 15*z + 9. Let x be q(7). Let m be 244/((-60)/35 - -2). Suppose 5*f - m + 134 = 0. What is the greatest common factor of x and f?
16
Suppose -4*v + 18*k = 14*k - 48, 5*v = -4*k + 60. Let j = -155 + 233. Calculate the highest common factor of v and j.
6
Let a be (-3)/12*(-15 - 1). Suppose 0 = a*q + 3 - 15. Let n be 1*(-36)/4*(-2)/q. Calculate the highest common factor of 18 and n.
6
Let a = 41 - 38. Suppose -d + 2*d = 5*z + 42, -a*d = -z - 126. Calculate the highest common divisor of 357 and d.
21
Let r(q) = 92*q**3 - 7*q**2 + 33*q - 46. Let w be r(2). What is the highest common factor of w and 63?
7
Suppose 11*h - 8*h = 5*u + 471, -4*h = 4*u - 596. What is the highest common factor of h and 68?
4
Let l(y) = -97*y - 24*y - 9 + 15*y + 15. Let p be l(-1). What is the greatest common factor of p and 14?
14
Let w = -2466 + 3114. What is the highest common factor of w and 48?
24
Suppose -380*q + c + 34228 = -377*q, -4*q - 2*c + 45664 = 0. What is the greatest common divisor of 36 and q?
36
Suppose -4*h = h - 30. Let u(m) = -2. Let j(f) = -8*f - 15. Let y(b) = -3*j(b) - 6*u(b). Let o be y(-2). What is the highest common factor of h and o?
3
Let j = -85 + 157. Let s be 1140 + (-19 + 1)*116/(-174). Calculate the greatest common divisor of j and s.
72
Let a = 126 + -115. Suppose 114 = 2*b + a*o - 6*o, 2*o = 3*b - 152. Calculate the highest common divisor of 4 and b.
4
Suppose -2*k = -k - 305. Let w(v) = 1547*v - 3089. Let z be w(2). Calculate the greatest common factor of z and k.
5
Let y(r) = 7*r - 130. Let b be y(20). Suppose b*d + 42 = 122. What is the highest common factor of 648 and d?
8
Suppose 42 = 2*q + 2*q - 2*t, -5*q - 3*t = -58. Let c be 12/(-2)*q/(-2). Let n = 307664 - 307661. Calculate the greatest common divisor of c and n.
3
Let h = -207 + 162. Let z be (-93*(-10)/h)/((-1)/3). What is the highest common factor of 62 and z?
62
Let c = 1223 - 673. Suppose 191 = 3*z - c. Calculate the highest common divisor of 57 and z.
19
L